 factor of 5718545?
False
Does 511 divide 628217268?
True
Is 23 a factor of 19704283?
False
Is 582759484 a multiple of 1754?
True
Is 4581 a factor of 329817832?
False
Is 269560 a multiple of 184?
True
Is 1139953666 a multiple of 652?
False
Is 18 a factor of 51621228?
True
Is 3445823027 a multiple of 506?
False
Is 34094483 a multiple of 7?
False
Does 865 divide 962827202?
False
Does 96 divide 513634706?
False
Is 170 a factor of 85605370?
True
Is 59 a factor of 36549438?
True
Is 491 a factor of 921804178?
False
Is 128 a factor of 164800367?
False
Is 10799656 a multiple of 13?
False
Does 525 divide 34133400?
True
Does 3 divide 42167916?
True
Is 1581811215 a multiple of 4?
False
Is 59837146 a multiple of 944?
False
Is 35 a factor of 596906669?
False
Does 40 divide 185998207?
False
Is 280 a factor of 1955451246?
False
Is 13468475 even?
False
Is 186 a factor of 516253230?
True
Is 5 a factor of 31165538?
False
Does 6 divide 4486399?
False
Is 225 a factor of 299474100?
True
Is 18 a factor of 207425795?
False
Is 64 a factor of 67115008?
True
Is 464826018 a multiple of 453?
True
Is 33486337 a multiple of 1111?
False
Is 515 a factor of 31836270?
True
Is 47 a factor of 18179788?
True
Is 43276453 even?
False
Is 3 a factor of 4147358?
False
Is 148319582 a multiple of 145?
False
Is 96 a factor of 985466807?
False
Is 963217464 a multiple of 2508?
True
Is 1233735168 a multiple of 6604?
False
Does 2508 divide 422793624?
True
Is 83874861 a multiple of 2?
False
Is 108668625 a multiple of 195?
True
Is 197 a factor of 88333421?
True
Is 36 a factor of 1593674676?
True
Does 213 divide 8364121?
False
Is 1286013927 a multiple of 9197?
False
Does 158 divide 419799446?
False
Does 20 divide 54872714?
False
Does 266 divide 458739610?
True
Is 354227041 a multiple of 56?
False
Is 113427904 a multiple of 184?
True
Is 80 a factor of 359480320?
True
Is 55 a factor of 19327440?
True
Is 55052376 a multiple of 11?
False
Is 182522934 a multiple of 726?
True
Is 3 a factor of 4487710?
False
Does 1463 divide 658717638?
False
Is 1832374396 a multiple of 1334?
True
Does 185 divide 1240321215?
True
Is 802123770 a multiple of 560?
False
Is 1724 a factor of 379106675?
False
Does 185 divide 25487699?
False
Is 136435328 a multiple of 32?
True
Is 21 a factor of 355168625?
False
Is 653 a factor of 12923523?
True
Does 6 divide 21736643?
False
Is 61633421 a multiple of 873?
False
Does 27 divide 115439700?
False
Is 622951 a multiple of 17?
False
Is 464 a factor of 261370143?
False
Does 1564 divide 7771516?
True
Is 2491 a factor of 704015025?
False
Is 68773005 a multiple of 63?
True
Does 4749 divide 5774252112?
True
Is 9 a factor of 2415105?
True
Is 10 a factor of 869715?
False
Is 35 a factor of 48606990?
False
Is 309 a factor of 8527970?
False
Does 56 divide 41190955?
False
Is 5 a factor of 1179434678?
False
Is 1399491 a multiple of 9?
True
Is 2695 a factor of 4177557230?
True
Is 18 a factor of 3921138?
True
Is 128 a factor of 36345003?
False
Is 150499997 a multiple of 4116?
False
Is 30236420 a multiple of 5?
True
Is 2316060178 a multiple of 17?
True
Does 986 divide 469443330?
False
Is 134 a factor of 29810444?
True
Is 4387376 a multiple of 1822?
True
Does 14 divide 145660563?
False
Is 1807993720 a multiple of 130?
True
Is 10460185 a multiple of 55?
False
Is 90201493 a multiple of 32?
False
Does 105 divide 122504807?
False
Is 72078410 a multiple of 62?
True
Is 21 a factor of 42281109?
False
Is 1322 a factor of 173471518?
True
Does 8 divide 2274128?
True
Does 33 divide 38441997?
True
Does 4 divide 45842165?
False
Does 16 divide 259080463?
False
Does 451 divide 199359138?
True
Does 949 divide 4640048?
False
Does 255 divide 34225720?
False
Is 22 a factor of 490146008?
True
Is 11 a factor of 1353196119?
True
Is 33812361 a multiple of 9?
True
Does 14 divide 972014778?
True
Is 529 a factor of 59248?
True
Does 1012 divide 38696758?
False
Is 1442728300 a multiple of 650?
True
Is 1002897097 a multiple of 5138?
False
Does 319 divide 76188046?
True
Does 20 divide 650455614?
False
Is 1246365031 a multiple of 6928?
False
Is 779718909 a multiple of 213?
False
Does 434 divide 35196086?
False
Does 2848 divide 974992864?
True
Is 45 a factor of 13766451?
False
Is 77 a factor of 38516940?
True
Does 3 divide 28615084?
False
Is 119 a factor of 240752337?
False
Is 39447479 a multiple of 8208?
False
Is 172 a factor of 2179505281?
False
Is 2 a factor of 703139538?
True
Is 9 a factor of 7335050?
False
Is 370558169 a multiple of 3?
False
Is 753299064 a multiple of 1026?
False
Is 589 a factor of 289453448?
True
Does 843 divide 132978028?
False
Is 3640 a factor of 232190780?
False
Is 381268574 a multiple of 592?
False
Does 13995 divide 2451393759?
False
Does 85 divide 77077697?
False
Is 19631398 a multiple of 262?
True
Does 9 divide 3887090064?
True
Is 21 a factor of 1322637834?
True
Does 15 divide 15898511?
False
Is 1011 a factor of 36336752?
False
Does 204 divide 1511826456?
True
Is 5716 a factor of 1901562945?
False
Does 98 divide 103516224?
True
Is 2098043363 a multiple of 767?
True
Does 3 divide 61541?
False
Does 21 divide 1826677230?
True
Does 138 divide 62051049?
False
Is 10793097 a multiple of 7?
True
Does 488 divide 16069840?
True
Does 10 divide 90560893?
False
Is 29 a factor of 1033925400?
True
Is 637263510 a multiple of 338?
True
Does 850 divide 245850409?
False
Does 11 divide 1554549277?
False
Is 51578400 a multiple of 48?
True
Is 3389880325 a multiple of 312?
False
Is 60 a factor of 22886261?
False
Is 151165524 a multiple of 154?
False
Does 5 divide 54752130?
True
Is 16971208 a multiple of 167?
True
Is 18 a factor of 9002717?
False
Does 501 divide 809115915?
False
Is 9 a factor of 2874065454?
True
Is 29648204 a multiple of 443?
False
Is 19206980 a multiple of 806?
True
Is 39 a factor of 30174495?
True
Is 137462 a multiple of 13?
True
Is 80376609 a multiple of 9?
False
Is 4646 a factor of 246628264?
True
Is 240 a factor of 100745050?
False
Is 29494053 a multiple of 12?
False
Does 860 divide 3202729440?
True
Is 293 a factor of 174404734?
True
Is 347 a factor of 761506302?
False
Is 20 a factor of 97729239?
False
Is 3612828 a multiple of 1001?
False
Is 25095108 a multiple of 18?
False
Does 11 divide 1782792?
True
Is 33955168 a multiple of 2633?
True
Does 6 divide 14316635?
False
Is 553374096 a multiple of 48?
True
Does 565 divide 85741575?
True
Does 6 divide 124319556?
True
Is 1420435611 a multiple of 4223?
True
Is 10 a factor of 1064255570?
True
Is 301 a factor of 94074277?
False
Is 1110 a factor of 214468952?
False
Does 1200 divide 1162536000?
True
Is 125101570 a multiple of 110?
True
Does 8227 divide 43823403?
False
Does 119 divide 70916265?
True
Is 2 a factor of 245748?
True
Does 93 divide 24805465?
False
Does 1821 divide 149055723?
False
Is 29 a factor of 42420272?
True
Does 23 divide 105461831?
True
Is 70 a factor of 23790481?
False
Is 4763548 a multiple of 74?
False
Is 7978 a factor of 2559579770?
False
Is 86 a factor of 220692340?
True
Is 364925076 a multiple of 2?
True
Does 8 divide 8566032?
True
Does 12 divide 30751132?
False
Is 74415731 a multiple of 15?
False
Is 33519489 a multiple of 4506?
False
Is 9 a factor of 918507366?
True
Is 61584522 a multiple of 1686?
True
Does 9 divide 1379614?
False
Does 123 divide 789424209?
True
Is 10 a factor of 115632480?
True
Is 11 a factor of 4005525?
False
Does 600 divide 46758600?
True
Is 68 a factor of 496559868?
True
Is 377 a factor of 765145967?
False
Does 498 divide 478743752?
False
Is 33312006 a multiple of 117?
True
Is 2394830104 a multiple of 2914?
True
Is 15166207 a multiple of 14?
False
Does 790 divide 59990230?
True
Does 1563 divide 28323819?
False
Is 43748252 a multiple of 13?
False
Is 3063840 a multiple of 15?
True
Is 6 a factor of 62476884?
True
Is 25244360 a multiple of 74?
True
Is 55 a factor of 5399020?
True
Is 13088496 a multiple of 229?
False
Is 434707581 a multiple of 7?
True
Does 11 divide 107745453?
False
Is 10 a factor of 733187310?
True
Is 1345761 a multiple of 73?
False
Is 825596680 a multiple of 1535?
True
Is 93058136 a multiple of 3112?
True
Does 13 divide 85602972?
True
Is 45 a factor of 29725892?
False
Is 43 a factor of 49487324?
True
Does 4 divide 14325548?
True
Is 3505163220 a multiple of 324?
True
Is 154706555 a multiple of 404?
Fal